se 254650 = -117*l + 142*l. What is the hundreds digit of l?
1
Let i(k) be the first derivative of 38*k**2 - 5*k - 30. Let g be i(2). Suppose 20*f + g = 21*f. What is the hundreds digit of f?
1
Let v be 4/(-4) + (650/1)/(-2). Let g = v - -740. What is the units digit of g?
4
Suppose 10*p + 2*p = -12. Let l(y) = -248*y**3 - 2*y**2 - 2*y. What is the units digit of l(p)?
8
Suppose 3*i = -4*u + 43787, 27*u + 5*i = 32*u - 54725. What is the tens digit of u?
4
Let k be ((-6)/4)/(69/(-460)). What is the tens digit of (-298)/4*(-10 + k + -4)?
9
Suppose -1 = -z + f, f - 7 = -2*z + 4. Suppose -u = 4*u + z*i + 1, 8 = 4*u + i. Suppose 4*l - 4*n = 144, 5*l + u*n = l + 151. What is the tens digit of l?
3
Suppose 2*k + 620 = u, u - 281 = -4*k + 351. Let v be (-2)/3*-3 - 0. Suppose 0 = 10*n - v*n - u. What is the units digit of n?
8
Suppose -3*o = -5*q - 115598, -16*o - 2*q = -21*o + 192619. What is the units digit of o?
1
Let g be ((-612)/(-10) - 0)/(3/(-20)). Let h = -129 - g. Suppose m + h = 4*m. What is the units digit of m?
3
Suppose -2*c - 82*z + 12670 = -79*z, 2*c = 4*z + 12684. What is the hundreds digit of c?
3
Let f be ((-3)/2)/(2/(-4)). Suppose f = 2*x - 13. Suppose x*u - 537 = 5*u. What is the units digit of u?
9
Suppose -4*q - 8 = 0, 31*q - 36*q = 2*i - 23600. What is the thousands digit of i?
1
Let v(o) = o**3 + 8*o**2 - 14*o - 5. Let b be v(-14). Let x = -238 - b. Suppose 4*t = 2*p - 492, 3*p + t = -2*t + x. What is the units digit of p?
8
Let m(s) = 313*s**3 + 2*s**2 - 7*s + 1. What is the tens digit of m(3)?
4
Suppose -2*n + n - 198 = 5*w, -3*n + 2*w - 509 = 0. Suppose 4*s + 1810 = 5*z + 9*s, -4*z + 5*s + 1412 = 0. Let b = z + n. What is the hundreds digit of b?
1
Suppose 0 = -c + 2*r + 14206, 42630 = 3*c + 70*r - 73*r. What is the ten thousands digit of c?
1
Let l(p) = -101*p - 147. Let i be l(-21). Suppose -6*g + 5634 = i. What is the tens digit of g?
1
Let q(z) be the second derivative of -z**5/4 - 7*z**4/4 - 5*z**3/6 - 7*z**2 + 125*z. What is the tens digit of q(-6)?
4
Let d = 53649 - 12114. What is the thousands digit of d?
1
Let h(x) = 4*x - 1. Let w be h(-8). Let a = w - -75. What is the units digit of (-6)/14 + 4 + 3966/a?
8
Let r(q) = q**3 + 22*q**2 - 31*q + 39. Let i(x) = x**2 + x - 1. Let t(o) = 4*i(o) - r(o). What is the tens digit of t(-20)?
5
Let j be 8189/6 - -4*2/48. Suppose -9939 - j = -36*p. What is the units digit of p?
4
Let c(t) = 3*t**3 - 9*t**2 + 17*t + 26. Suppose -10*y = -5*y + 2*o - 30, -3*y - 3*o + 18 = 0. What is the tens digit of c(y)?
5
Let c(q) = -6*q**3 - 2*q**2 - 6*q - 7. Let i be c(-3). Suppose 15 = -5*f - i. Let k = 143 - f. What is the tens digit of k?
7
Suppose 0 = -v + 7*v - 2*v. Suppose 4*t + 3*x - 827 - 233 = 0, -4*t - x + 1052 = v. What is the units digit of t?
2
Let i(j) be the first derivative of -j**4/4 + 3*j**3 + 11*j**2 + 26*j - 2. What is the units digit of i(11)?
6
What is the units digit of (2 + -1)*(17 + 838 - 2)?
3
Suppose 2*h - h = 566. Let j(s) = -s**3 - 3*s**2 + 164*s - 235. Let q be j(-15). Suppose 2*v - h = 5*f, f + 2*f + 1396 = q*v. What is the units digit of v?
8
Let i(c) = c**2 - 10*c + 16. Let m be i(2). Let v be m + 3*46 + 12/(-3). Suppose 14*j + v = 988. What is the units digit of j?
1
Let i = -12539 + 29683. What is the thousands digit of i?
7
Let l be (1 + 0)/(-3 - (2 + -6)). Let m be (3 - 3)/(l + -2). Suppose m = 2*t + 4*g + 6 - 168, 0 = -g - 3. What is the units digit of t?
7
Suppose -251*l + 1027350 = -50*l + 24*l. What is the thousands digit of l?
4
Suppose 9*c = 3*c - 168. Let n = 33 + c. Let d(g) = 19*g - 16. What is the tens digit of d(n)?
7
Let w(l) = -29*l**3 - 7*l**2 + 15*l + 64. What is the tens digit of w(-6)?
8
Suppose 2*z - 665 = -i + 4*z, 5*i = 3*z + 3318. Suppose -4*d - 5*j + 535 = -345, 3*d - i = -3*j. What is the hundreds digit of d?
2
Let q be 104*(5/20 + 0). Let d = 2 + 384. Suppose 3*m + q - d = -5*c, 0 = 5*c + 4*m - 355. What is the tens digit of c?
7
Let g = -5 - -5. Suppose h - 5*h + 40 = g. Suppose 11 = 3*u + 5*c - 0*c, h = -2*c. What is the tens digit of u?
1
What is the hundreds digit of (-36)/(-21)*5/30 - 273066/(-14)?
5
Let h(f) = -4*f**2 + 28*f - 3. Let r be h(7). What is the units digit of 4 + -3 + (425 - -4 - r)?
3
Let y = 11915 + -6814. What is the thousands digit of y?
5
Let l(b) = 2*b**2 + 5*b + 8. Suppose 7*w + 3*c = 2*w + 20, 0 = 3*c. Let s be w/(-6)*6 + 10. What is the tens digit of l(s)?
1
Suppose -3*s + 3*c + 12 = 0, 2*s - 3*c - 14 = 2*c. Let r be (s - -464) + (2 - (0 - 0)). Suppose 6*q = r - 156. What is the units digit of q?
2
Suppose -5*i - 223 = 347. Let u = i - -212. What is the tens digit of u?
9
Let b = 4 - 36. Let z(y) = y**3 + 9*y**2 - 105*y - 554. Let k be z(-6). What is the tens digit of 5 + k/b - (-831)/4?
0
Suppose 3*g - 776 = -2*f, 0 = -g + 3*f - 7*f + 262. What is the units digit of (-3)/(2 - g/126)?
3
Suppose -3*c - 21 = -5*u, c + 2*u = -3*c - 28. Let h(t) = -33*t + 43. What is the tens digit of h(c)?
7
Let k(l) = -140*l**2 + 17*l + 12. Let v(x) = 1540*x**2 - 185*x - 130. Let a(b) = 65*k(b) + 6*v(b). What is the tens digit of a(2)?
5
What is the hundreds digit of (-4)/10*-20*64685/68?
6
Let x = 441 + -450. What is the hundreds digit of (-777)/x*(-2 + 8)?
5
Let h be ((-1)/(-1))/(4/1504). Let d = h + -159. What is the tens digit of d?
1
Let i = 433 + 336. Let s = -408 + i. What is the hundreds digit of s?
3
Let c(y) = y**3 - 23*y**2 - 4*y - 40. Let m be c(24). Let n = m - 374. What is the units digit of n?
6
Suppose 2*t - 8 = 2. Let z(v) be the second derivative of v**4/12 + 3*v**3/2 - 5*v**2 + 235*v. What is the tens digit of z(t)?
6
Let b = 80139 + -49077. What is the hundreds digit of b?
0
Let z = 20457 - 15643. What is the tens digit of z?
1
Let j(w) = 746*w**2 + 16*w - 57. What is the units digit of j(3)?
5
Let d(z) = 2*z**2 - 48*z + 226. What is the hundreds digit of d(-22)?
2
Suppose s = -0*s - 2*h + 11319, -2*s + 4*h = -22662. What is the thousands digit of s?
1
Let g = -24 + 42. Suppose 2*d - 5*w = g, -3*d - 9 = 2*d + w. What is the tens digit of ((-8)/3 + 3)/(d/(-237))?
7
Suppose -5*i + 174 = -t - 86, -3*t - 117 = -2*i. What is the hundreds digit of 6/i - (-36780)/68?
5
What is the units digit of (86445/153)/(1/27)?
5
What is the units digit of 2530813/618 - 2/12?
5
Suppose -3338 = -2*j - 602. Let l = -578 + j. What is the tens digit of l?
9
Let f(p) = -26*p**2 + 5*p + 12. Let d be f(-2). Let u = 189 + d. What is the units digit of u?
7
Let q = -52112 - -101405. What is the ten thousands digit of q?
4
Suppose 27*q - 12 = 23*q. Let i be 11/q*-1 - (-8)/12. What is the units digit of 206 + -4 + 2 + i?
1
Suppose 273*d - 19862730 = -142*d. What is the units digit of d?
2
Let h be (4/(-5))/(556/185 + -3). Let r = h - -545. What is the tens digit of r?
9
Let n = -102 + 109. Let p be (3 + -6 + n)*(-15)/(-12). Let v(m) = 2*m**3 - 3*m**2 + 6*m + 3. What is the tens digit of v(p)?
0
Let v = 441 - -2051. What is the tens digit of v?
9
Let o(w) be the second derivative of w**4/6 - 17*w**3/3 - 34*w**2 - 3*w + 14. What is the hundreds digit of o(23)?
2
Suppose 0 = 5*l - f - 132538, 2143*f = 2*l + 2140*f - 53036. What is the thousands digit of l?
6
Let r(q) = q**3 - 10*q**2 + 16*q + 3. Let o be r(8). Suppose 3*m - o*x = 789, 4*x = -4*m + 1049 + 35. What is the tens digit of m?
6
Let p(i) = -46*i + 51. Let u be p(7). What is the tens digit of (u + 4)/((-6)/20)?
9
Let p(f) = 93*f**2 + 210*f + 40. What is the thousands digit of p(17)?
0
Let p = -1088 + 23767. What is the thousands digit of p?
2
Let p(j) = j**2 - 23. Let m be p(-5). What is the units digit of (1 - m) + -1 - (32 - 474)?
0
Let f = -845 + 1232. Suppose 0*k - 3*k - 377 = -4*y, -4*y + k + f = 0. Let o = y - -7. What is the tens digit of o?
0
Let g(j) = 224*j + 4545. What is the ten thousands digit of g(37)?
1
Let l = -231 - -246. Suppose 6*n + l - 219 = 0. What is the units digit of n?
4
Let d(x) = -2*x**3 - x - 80. Let n be d(0). Let a = 133 + n. What is the tens digit of a?
5
What is the tens digit of (41/3)/((1/2984)/(1275/3400))?
9
Let y(n) = 9*n**2 + 159*n - 25. Let z(m) = 18*m**2 + 317*m - 49. Let p(v) = -11*y(v) + 6*z(v). What is the tens digit of p(-21)?
3
Let w = 76630 - -3587. What is the thousands digit of w?
0
Let k(v) = 2*v**2 - v - 4. Let c be k(-11). Sup